{"id":2206,"date":"2024-07-02T18:50:31","date_gmt":"2024-07-02T18:50:31","guid":{"rendered":"https:\/\/greendot.org\/taylor\/events\/dia-de-los-veteranos\/"},"modified":"2024-07-02T18:50:31","modified_gmt":"2024-07-02T18:50:31","slug":"dia-de-los-veteranos","status":"publish","type":"tribe_events","link":"https:\/\/greendot.org\/taylor\/es\/events\/dia-de-los-veteranos\/","title":{"rendered":"D\u00eda de los Veteranos"},"content":{"rendered":"<p>Las escuelas estar\u00e1n fuera para celebrar el D\u00eda de los Veteranos.<br \/>\nUn d\u00eda festivo federal en los Estados Unidos que se celebra anualmente el 11 de noviembre, para honrar a los veteranos militares de las Fuerzas Armadas de los Estados Unidos. <\/p>\n","protected":false},"excerpt":{"rendered":"<p>Las escuelas estar\u00e1n fuera para celebrar el D\u00eda de los Veteranos. Un d\u00eda festivo federal en los Estados Unidos que se celebra [&hellip;]<\/p>\n","protected":false},"author":16,"featured_media":244,"template":"","meta":{"_monsterinsights_skip_tracking":false,"_monsterinsights_sitenote_active":false,"_monsterinsights_sitenote_note":"","_monsterinsights_sitenote_category":0,"_tribe_events_status":"","_tribe_events_status_reason":"","footnotes":""},"tags":[],"tribe_events_cat":[],"class_list":["post-2206","tribe_events","type-tribe_events","status-publish","has-post-thumbnail","hentry"],"yoast_head":"<!-- This site is optimized with the Yoast SEO plugin v26.0 - https:\/\/yoast.com\/wordpress\/plugins\/seo\/ -->\n<title>D\u00eda de los Veteranos - \u00c1nimo James B. Taylor Charter Middle School<\/title>\n<meta name=\"robots\" content=\"index, follow, max-snippet:-1, max-image-preview:large, max-video-preview:-1\" \/>\n<link rel=\"canonical\" href=\"https:\/\/greendot.org\/taylor\/events\/dia-de-los-veteranos\/\" \/>\n<meta property=\"og:locale\" content=\"es_ES\" \/>\n<meta property=\"og:type\" content=\"article\" \/>\n<meta property=\"og:title\" content=\"D\u00eda de los Veteranos - \u00c1nimo James B. Taylor Charter Middle School\" \/>\n<meta property=\"og:description\" content=\"Las escuelas estar\u00e1n fuera para celebrar el D\u00eda de los Veteranos. Un d\u00eda festivo federal en los Estados Unidos que se celebra [&hellip;]\" \/>\n<meta property=\"og:url\" content=\"https:\/\/greendot.org\/taylor\/events\/dia-de-los-veteranos\/\" \/>\n<meta property=\"og:site_name\" content=\"\u00c1nimo James B. Taylor Charter Middle School\" \/>\n<meta name=\"twitter:card\" content=\"summary_large_image\" \/>\n<script type=\"application\/ld+json\" class=\"yoast-schema-graph\">{\"@context\":\"https:\/\/schema.org\",\"@graph\":[{\"@type\":\"WebPage\",\"@id\":\"https:\/\/greendot.org\/taylor\/events\/dia-de-los-veteranos\/\",\"url\":\"https:\/\/greendot.org\/taylor\/events\/dia-de-los-veteranos\/\",\"name\":\"D\u00eda de los Veteranos - \u00c1nimo James B. Taylor Charter Middle School\",\"isPartOf\":{\"@id\":\"https:\/\/greendot.org\/taylor\/#website\"},\"primaryImageOfPage\":{\"@id\":\"https:\/\/greendot.org\/taylor\/events\/dia-de-los-veteranos\/#primaryimage\"},\"image\":{\"@id\":\"https:\/\/greendot.org\/taylor\/events\/dia-de-los-veteranos\/#primaryimage\"},\"thumbnailUrl\":\"https:\/\/greendot.org\/taylor\/wp-content\/uploads\/sites\/14\/2024\/06\/james_taylor_hero.jpg\",\"datePublished\":\"2024-07-02T18:50:31+00:00\",\"breadcrumb\":{\"@id\":\"https:\/\/greendot.org\/taylor\/events\/dia-de-los-veteranos\/#breadcrumb\"},\"inLanguage\":\"es\",\"potentialAction\":[{\"@type\":\"ReadAction\",\"target\":[\"https:\/\/greendot.org\/taylor\/events\/dia-de-los-veteranos\/\"]}]},{\"@type\":\"ImageObject\",\"inLanguage\":\"es\",\"@id\":\"https:\/\/greendot.org\/taylor\/events\/dia-de-los-veteranos\/#primaryimage\",\"url\":\"https:\/\/greendot.org\/taylor\/wp-content\/uploads\/sites\/14\/2024\/06\/james_taylor_hero.jpg\",\"contentUrl\":\"https:\/\/greendot.org\/taylor\/wp-content\/uploads\/sites\/14\/2024\/06\/james_taylor_hero.jpg\",\"width\":1920,\"height\":1280},{\"@type\":\"BreadcrumbList\",\"@id\":\"https:\/\/greendot.org\/taylor\/events\/dia-de-los-veteranos\/#breadcrumb\",\"itemListElement\":[{\"@type\":\"ListItem\",\"position\":1,\"name\":\"Home\",\"item\":\"https:\/\/greendot.org\/taylor\/es\/inicio\/\"},{\"@type\":\"ListItem\",\"position\":2,\"name\":\"Events\",\"item\":\"https:\/\/greendot.org\/taylor\/events\/\"},{\"@type\":\"ListItem\",\"position\":3,\"name\":\"D\u00eda de los Veteranos\"}]},{\"@type\":\"WebSite\",\"@id\":\"https:\/\/greendot.org\/taylor\/#website\",\"url\":\"https:\/\/greendot.org\/taylor\/\",\"name\":\"\u00c1nimo James B. Taylor Charter Middle School\",\"description\":\"\",\"potentialAction\":[{\"@type\":\"SearchAction\",\"target\":{\"@type\":\"EntryPoint\",\"urlTemplate\":\"https:\/\/greendot.org\/taylor\/?s={search_term_string}\"},\"query-input\":{\"@type\":\"PropertyValueSpecification\",\"valueRequired\":true,\"valueName\":\"search_term_string\"}}],\"inLanguage\":\"es\"}]}<\/script>\n<!-- \/ Yoast SEO plugin. -->","yoast_head_json":{"title":"D\u00eda de los Veteranos - \u00c1nimo James B. Taylor Charter Middle School","robots":{"index":"index","follow":"follow","max-snippet":"max-snippet:-1","max-image-preview":"max-image-preview:large","max-video-preview":"max-video-preview:-1"},"canonical":"https:\/\/greendot.org\/taylor\/events\/dia-de-los-veteranos\/","og_locale":"es_ES","og_type":"article","og_title":"D\u00eda de los Veteranos - \u00c1nimo James B. Taylor Charter Middle School","og_description":"Las escuelas estar\u00e1n fuera para celebrar el D\u00eda de los Veteranos. Un d\u00eda festivo federal en los Estados Unidos que se celebra [&hellip;]","og_url":"https:\/\/greendot.org\/taylor\/events\/dia-de-los-veteranos\/","og_site_name":"\u00c1nimo James B. Taylor Charter Middle School","twitter_card":"summary_large_image","schema":{"@context":"https:\/\/schema.org","@graph":[{"@type":"WebPage","@id":"https:\/\/greendot.org\/taylor\/events\/dia-de-los-veteranos\/","url":"https:\/\/greendot.org\/taylor\/events\/dia-de-los-veteranos\/","name":"D\u00eda de los Veteranos - \u00c1nimo James B. Taylor Charter Middle School","isPartOf":{"@id":"https:\/\/greendot.org\/taylor\/#website"},"primaryImageOfPage":{"@id":"https:\/\/greendot.org\/taylor\/events\/dia-de-los-veteranos\/#primaryimage"},"image":{"@id":"https:\/\/greendot.org\/taylor\/events\/dia-de-los-veteranos\/#primaryimage"},"thumbnailUrl":"https:\/\/greendot.org\/taylor\/wp-content\/uploads\/sites\/14\/2024\/06\/james_taylor_hero.jpg","datePublished":"2024-07-02T18:50:31+00:00","breadcrumb":{"@id":"https:\/\/greendot.org\/taylor\/events\/dia-de-los-veteranos\/#breadcrumb"},"inLanguage":"es","potentialAction":[{"@type":"ReadAction","target":["https:\/\/greendot.org\/taylor\/events\/dia-de-los-veteranos\/"]}]},{"@type":"ImageObject","inLanguage":"es","@id":"https:\/\/greendot.org\/taylor\/events\/dia-de-los-veteranos\/#primaryimage","url":"https:\/\/greendot.org\/taylor\/wp-content\/uploads\/sites\/14\/2024\/06\/james_taylor_hero.jpg","contentUrl":"https:\/\/greendot.org\/taylor\/wp-content\/uploads\/sites\/14\/2024\/06\/james_taylor_hero.jpg","width":1920,"height":1280},{"@type":"BreadcrumbList","@id":"https:\/\/greendot.org\/taylor\/events\/dia-de-los-veteranos\/#breadcrumb","itemListElement":[{"@type":"ListItem","position":1,"name":"Home","item":"https:\/\/greendot.org\/taylor\/es\/inicio\/"},{"@type":"ListItem","position":2,"name":"Events","item":"https:\/\/greendot.org\/taylor\/events\/"},{"@type":"ListItem","position":3,"name":"D\u00eda de los Veteranos"}]},{"@type":"WebSite","@id":"https:\/\/greendot.org\/taylor\/#website","url":"https:\/\/greendot.org\/taylor\/","name":"\u00c1nimo James B. Taylor Charter Middle School","description":"","potentialAction":[{"@type":"SearchAction","target":{"@type":"EntryPoint","urlTemplate":"https:\/\/greendot.org\/taylor\/?s={search_term_string}"},"query-input":{"@type":"PropertyValueSpecification","valueRequired":true,"valueName":"search_term_string"}}],"inLanguage":"es"}]}},"_links":{"self":[{"href":"https:\/\/greendot.org\/taylor\/es\/wp-json\/wp\/v2\/tribe_events\/2206","targetHints":{"allow":["GET"]}}],"collection":[{"href":"https:\/\/greendot.org\/taylor\/es\/wp-json\/wp\/v2\/tribe_events"}],"about":[{"href":"https:\/\/greendot.org\/taylor\/es\/wp-json\/wp\/v2\/types\/tribe_events"}],"author":[{"embeddable":true,"href":"https:\/\/greendot.org\/taylor\/es\/wp-json\/wp\/v2\/users\/16"}],"version-history":[{"count":0,"href":"https:\/\/greendot.org\/taylor\/es\/wp-json\/wp\/v2\/tribe_events\/2206\/revisions"}],"wp:featuredmedia":[{"embeddable":true,"href":"https:\/\/greendot.org\/taylor\/es\/wp-json\/wp\/v2\/media\/244"}],"wp:attachment":[{"href":"https:\/\/greendot.org\/taylor\/es\/wp-json\/wp\/v2\/media?parent=2206"}],"wp:term":[{"taxonomy":"post_tag","embeddable":true,"href":"https:\/\/greendot.org\/taylor\/es\/wp-json\/wp\/v2\/tags?post=2206"},{"taxonomy":"tribe_events_cat","embeddable":true,"href":"https:\/\/greendot.org\/taylor\/es\/wp-json\/wp\/v2\/tribe_events_cat?post=2206"}],"curies":[{"name":"wp","href":"https:\/\/api.w.org\/{rel}","templated":true}]}}

Día de los Veteranos

<p>Las escuelas estarán fuera para celebrar el Día de los Veteranos.<br />
Un día festivo federal en los Estados Unidos que se celebra anualmente el 11 de noviembre, para honrar a los veteranos militares de las Fuerzas Armadas de los Estados Unidos. </p>

<p>Las escuelas estarán fuera para celebrar el Día de los Veteranos. Un día festivo federal en los Estados Unidos que se celebra [&hellip;]</p>

<!-- This site is optimized with the Yoast SEO plugin v26.0 - https://yoast.com/wordpress/plugins/seo/ -->
<title>Día de los Veteranos - Ánimo James B. Taylor Charter Middle School</title>
<meta name="robots" content="index, follow, max-snippet:-1, max-image-preview:large, max-video-preview:-1" />
<link rel="canonical" href="https://greendot.org/taylor/events/dia-de-los-veteranos/" />
<meta property="og:locale" content="es_ES" />
<meta property="og:type" content="article" />
<meta property="og:title" content="Día de los Veteranos - Ánimo James B. Taylor Charter Middle School" />
<meta property="og:description" content="Las escuelas estarán fuera para celebrar el Día de los Veteranos. Un día festivo federal en los Estados Unidos que se celebra [&hellip;]" />
<meta property="og:url" content="https://greendot.org/taylor/events/dia-de-los-veteranos/" />
<meta property="og:site_name" content="Ánimo James B. Taylor Charter Middle School" />
<meta name="twitter:card" content="summary_large_image" />
<script type="application/ld+json" class="yoast-schema-graph">{"@context":"https://schema.org","@graph":[{"@type":"WebPage","@id":"https://greendot.org/taylor/events/dia-de-los-veteranos/","url":"https://greendot.org/taylor/events/dia-de-los-veteranos/","name":"Día de los Veteranos - Ánimo James B. Taylor Charter Middle School","isPartOf":{"@id":"https://greendot.org/taylor/#website"},"primaryImageOfPage":{"@id":"https://greendot.org/taylor/events/dia-de-los-veteranos/#primaryimage"},"image":{"@id":"https://greendot.org/taylor/events/dia-de-los-veteranos/#primaryimage"},"thumbnailUrl":"https://greendot.org/taylor/wp-content/uploads/sites/14/2024/06/james_taylor_hero.jpg","datePublished":"2024-07-02T18:50:31+00:00","breadcrumb":{"@id":"https://greendot.org/taylor/events/dia-de-los-veteranos/#breadcrumb"},"inLanguage":"es","potentialAction":[{"@type":"ReadAction","target":["https://greendot.org/taylor/events/dia-de-los-veteranos/"]}]},{"@type":"ImageObject","inLanguage":"es","@id":"https://greendot.org/taylor/events/dia-de-los-veteranos/#primaryimage","url":"https://greendot.org/taylor/wp-content/uploads/sites/14/2024/06/james_taylor_hero.jpg","contentUrl":"https://greendot.org/taylor/wp-content/uploads/sites/14/2024/06/james_taylor_hero.jpg","width":1920,"height":1280},{"@type":"BreadcrumbList","@id":"https://greendot.org/taylor/events/dia-de-los-veteranos/#breadcrumb","itemListElement":[{"@type":"ListItem","position":1,"name":"Home","item":"https://greendot.org/taylor/es/inicio/"},{"@type":"ListItem","position":2,"name":"Events","item":"https://greendot.org/taylor/events/"},{"@type":"ListItem","position":3,"name":"Día de los Veteranos"}]},{"@type":"WebSite","@id":"https://greendot.org/taylor/#website","url":"https://greendot.org/taylor/","name":"Ánimo James B. Taylor Charter Middle School","description":"","potentialAction":[{"@type":"SearchAction","target":{"@type":"EntryPoint","urlTemplate":"https://greendot.org/taylor/?s={search_term_string}"},"query-input":{"@type":"PropertyValueSpecification","valueRequired":true,"valueName":"search_term_string"}}],"inLanguage":"es"}]}</script>
<!-- / Yoast SEO plugin. -->

Día de los Veteranos - Ánimo James B. Taylor Charter Middle School

Las escuelas estarán fuera para celebrar el Día de los Veteranos. Un día festivo federal en los Estados Unidos que se celebra [&hellip;]

Ánimo James B. Taylor Charter Middle School
