{"id":14818,"date":"2025-07-25T16:12:47","date_gmt":"2025-07-25T16:12:47","guid":{"rendered":"https:\/\/greendot.org\/events\/legado-en-movimiento-formando-hoy-a-los-lideres-del-manana\/"},"modified":"2025-07-28T20:33:10","modified_gmt":"2025-07-28T20:33:10","slug":"legado-en-movimiento-formando-hoy-a-los-lideres-del-manana","status":"publish","type":"tribe_events","link":"https:\/\/greendot.org\/es\/events\/legado-en-movimiento-formando-hoy-a-los-lideres-del-manana\/","title":{"rendered":"Legado en movimiento: \u00a1Formando hoy a los l\u00edderes del ma\u00f1ana!"},"content":{"rendered":"<div class=\"elementor-element elementor-element-0005f32 animated-slow elementor-widget-widescreen__width-initial elementor-widget__width-initial elementor-widget elementor-widget-text-editor animated fadeInLeft\" data-id=\"0005f32\" data-element_type=\"widget\" data-settings=\"{\"_animation\":\"fadeInLeft\"}\" data-widget_type=\"text-editor.default\">\n<div class=\"elementor-widget-container\">\n<p>Acomp\u00e1\u00f1anos en una velada inolvidable en la que las Escuelas P\u00fablicas de Punto Verde celebran 25 a\u00f1os de transformaci\u00f3n de la educaci\u00f3n p\u00fablica y defensa de la equidad en Los \u00c1ngeles.<\/p>\n<\/div><\/div>\n<div class=\"elementor-element elementor-element-843868b animated-slow elementor-widget-widescreen__width-initial elementor-widget__width-initial elementor-widget elementor-widget-text-editor animated fadeInLeft\" data-id=\"843868b\" data-element_type=\"widget\" data-settings=\"{\"_animation\":\"fadeInLeft\"}\" data-widget_type=\"text-editor.default\">\n<div class=\"elementor-widget-container\">\n<p>Desde 1999, Green Dot ha reimaginado lo que es posible en la educaci\u00f3n p\u00fablica. Nos asociamos con comunidades culturalmente ricas pero hist\u00f3ricamente con escasos recursos para garantizar que todos los alumnos tengan acceso al poder transformador de una educaci\u00f3n de alta calidad. En la actualidad, estamos orgullosos de servir a miles de estudiantes y familias de Los \u00c1ngeles, construyendo futuros m\u00e1s brillantes de estudiante en estudiante.  <\/p>\n<p>Este acontecimiento hist\u00f3rico re\u00fane a los simpatizantes, socios y defensores cuya generosidad ha impulsado la misi\u00f3n de Green Dot desde el principio, y cuyo compromiso continuado contribuir\u00e1 a dar forma a nuestro pr\u00f3ximo cap\u00edtulo.<\/p>\n<p><b>Los pr\u00f3ximos 25 a\u00f1os de Punto Verde empiezan ahora.<\/b><\/p>\n<\/div><\/div>\n","protected":false},"excerpt":{"rendered":"<p>Acomp\u00e1\u00f1anos en una velada inolvidable en la que las Escuelas P\u00fablicas de Punto Verde celebran 25 a\u00f1os de transformaci\u00f3n de la educaci\u00f3n [&hellip;]<\/p>\n","protected":false},"author":17,"featured_media":0,"template":"","meta":{"_monsterinsights_skip_tracking":false,"_monsterinsights_sitenote_active":false,"_monsterinsights_sitenote_note":"","_monsterinsights_sitenote_category":0,"_tribe_events_status":"","_tribe_events_status_reason":"","footnotes":""},"tags":[],"tribe_events_cat":[],"class_list":["post-14818","tribe_events","type-tribe_events","status-publish","hentry"],"yoast_head":"<!-- This site is optimized with the Yoast SEO plugin v26.0 - https:\/\/yoast.com\/wordpress\/plugins\/seo\/ -->\n<title>Legado en movimiento: \u00a1Formando hoy a los l\u00edderes del ma\u00f1ana! - Green Dot<\/title>\n<meta name=\"robots\" content=\"index, follow, max-snippet:-1, max-image-preview:large, max-video-preview:-1\" \/>\n<link rel=\"canonical\" href=\"https:\/\/greendot.org\/es\/events\/legado-en-movimiento-formando-hoy-a-los-lideres-del-manana\/\" \/>\n<meta property=\"og:locale\" content=\"es_ES\" \/>\n<meta property=\"og:type\" content=\"article\" \/>\n<meta property=\"og:title\" content=\"Legado en movimiento: \u00a1Formando hoy a los l\u00edderes del ma\u00f1ana! - Green Dot\" \/>\n<meta property=\"og:description\" content=\"Acomp\u00e1\u00f1anos en una velada inolvidable en la que las Escuelas P\u00fablicas de Punto Verde celebran 25 a\u00f1os de transformaci\u00f3n de la educaci\u00f3n [&hellip;]\" \/>\n<meta property=\"og:url\" content=\"https:\/\/greendot.org\/es\/events\/legado-en-movimiento-formando-hoy-a-los-lideres-del-manana\/\" \/>\n<meta property=\"og:site_name\" content=\"Green Dot\" \/>\n<meta property=\"article:publisher\" content=\"https:\/\/www.facebook.com\/greendotschools\" \/>\n<meta property=\"article:modified_time\" content=\"2025-07-28T20:33:10+00:00\" \/>\n<meta name=\"twitter:card\" content=\"summary_large_image\" \/>\n<meta name=\"twitter:site\" content=\"@greendotschools\" \/>\n<meta name=\"twitter:label1\" content=\"Tiempo de lectura\" \/>\n\t<meta name=\"twitter:data1\" content=\"1 minuto\" \/>\n<script type=\"application\/ld+json\" class=\"yoast-schema-graph\">{\"@context\":\"https:\/\/schema.org\",\"@graph\":[{\"@type\":\"WebPage\",\"@id\":\"https:\/\/greendot.org\/es\/events\/legado-en-movimiento-formando-hoy-a-los-lideres-del-manana\/\",\"url\":\"https:\/\/greendot.org\/es\/events\/legado-en-movimiento-formando-hoy-a-los-lideres-del-manana\/\",\"name\":\"Legado en movimiento: \u00a1Formando hoy a los l\u00edderes del ma\u00f1ana! - Green Dot\",\"isPartOf\":{\"@id\":\"https:\/\/greendot.org\/es\/#website\"},\"datePublished\":\"2025-07-25T16:12:47+00:00\",\"dateModified\":\"2025-07-28T20:33:10+00:00\",\"breadcrumb\":{\"@id\":\"https:\/\/greendot.org\/es\/events\/legado-en-movimiento-formando-hoy-a-los-lideres-del-manana\/#breadcrumb\"},\"inLanguage\":\"es\",\"potentialAction\":[{\"@type\":\"ReadAction\",\"target\":[\"https:\/\/greendot.org\/es\/events\/legado-en-movimiento-formando-hoy-a-los-lideres-del-manana\/\"]}]},{\"@type\":\"BreadcrumbList\",\"@id\":\"https:\/\/greendot.org\/es\/events\/legado-en-movimiento-formando-hoy-a-los-lideres-del-manana\/#breadcrumb\",\"itemListElement\":[{\"@type\":\"ListItem\",\"position\":1,\"name\":\"Home\",\"item\":\"https:\/\/greendot.org\/es\/\"},{\"@type\":\"ListItem\",\"position\":2,\"name\":\"Eventos\",\"item\":\"https:\/\/greendot.org\/es\/events\/\"},{\"@type\":\"ListItem\",\"position\":3,\"name\":\"Legado en movimiento: \u00a1Formando hoy a los l\u00edderes del ma\u00f1ana!\"}]},{\"@type\":\"WebSite\",\"@id\":\"https:\/\/greendot.org\/es\/#website\",\"url\":\"https:\/\/greendot.org\/es\/\",\"name\":\"Green Dot\",\"description\":\"\",\"publisher\":{\"@id\":\"https:\/\/greendot.org\/es\/#organization\"},\"potentialAction\":[{\"@type\":\"SearchAction\",\"target\":{\"@type\":\"EntryPoint\",\"urlTemplate\":\"https:\/\/greendot.org\/es\/?s={search_term_string}\"},\"query-input\":{\"@type\":\"PropertyValueSpecification\",\"valueRequired\":true,\"valueName\":\"search_term_string\"}}],\"inLanguage\":\"es\"},{\"@type\":\"Organization\",\"@id\":\"https:\/\/greendot.org\/es\/#organization\",\"name\":\"Green Dot\",\"url\":\"https:\/\/greendot.org\/es\/\",\"logo\":{\"@type\":\"ImageObject\",\"inLanguage\":\"es\",\"@id\":\"https:\/\/greendot.org\/es\/#\/schema\/logo\/image\/\",\"url\":\"https:\/\/greendot.org\/wp-content\/uploads\/2024\/04\/25yr-logo-GD-white.png?wsr\",\"contentUrl\":\"https:\/\/greendot.org\/wp-content\/uploads\/2024\/04\/25yr-logo-GD-white.png?wsr\",\"width\":350,\"height\":100,\"caption\":\"Green Dot\"},\"image\":{\"@id\":\"https:\/\/greendot.org\/es\/#\/schema\/logo\/image\/\"},\"sameAs\":[\"https:\/\/www.facebook.com\/greendotschools\",\"https:\/\/x.com\/greendotschools\",\"https:\/\/www.instagram.com\/greendotschools\/\"]}]}<\/script>\n<!-- \/ Yoast SEO plugin. -->","yoast_head_json":{"title":"Legado en movimiento: \u00a1Formando hoy a los l\u00edderes del ma\u00f1ana! - Green Dot","robots":{"index":"index","follow":"follow","max-snippet":"max-snippet:-1","max-image-preview":"max-image-preview:large","max-video-preview":"max-video-preview:-1"},"canonical":"https:\/\/greendot.org\/es\/events\/legado-en-movimiento-formando-hoy-a-los-lideres-del-manana\/","og_locale":"es_ES","og_type":"article","og_title":"Legado en movimiento: \u00a1Formando hoy a los l\u00edderes del ma\u00f1ana! - Green Dot","og_description":"Acomp\u00e1\u00f1anos en una velada inolvidable en la que las Escuelas P\u00fablicas de Punto Verde celebran 25 a\u00f1os de transformaci\u00f3n de la educaci\u00f3n [&hellip;]","og_url":"https:\/\/greendot.org\/es\/events\/legado-en-movimiento-formando-hoy-a-los-lideres-del-manana\/","og_site_name":"Green Dot","article_publisher":"https:\/\/www.facebook.com\/greendotschools","article_modified_time":"2025-07-28T20:33:10+00:00","twitter_card":"summary_large_image","twitter_site":"@greendotschools","twitter_misc":{"Tiempo de lectura":"1 minuto"},"schema":{"@context":"https:\/\/schema.org","@graph":[{"@type":"WebPage","@id":"https:\/\/greendot.org\/es\/events\/legado-en-movimiento-formando-hoy-a-los-lideres-del-manana\/","url":"https:\/\/greendot.org\/es\/events\/legado-en-movimiento-formando-hoy-a-los-lideres-del-manana\/","name":"Legado en movimiento: \u00a1Formando hoy a los l\u00edderes del ma\u00f1ana! - Green Dot","isPartOf":{"@id":"https:\/\/greendot.org\/es\/#website"},"datePublished":"2025-07-25T16:12:47+00:00","dateModified":"2025-07-28T20:33:10+00:00","breadcrumb":{"@id":"https:\/\/greendot.org\/es\/events\/legado-en-movimiento-formando-hoy-a-los-lideres-del-manana\/#breadcrumb"},"inLanguage":"es","potentialAction":[{"@type":"ReadAction","target":["https:\/\/greendot.org\/es\/events\/legado-en-movimiento-formando-hoy-a-los-lideres-del-manana\/"]}]},{"@type":"BreadcrumbList","@id":"https:\/\/greendot.org\/es\/events\/legado-en-movimiento-formando-hoy-a-los-lideres-del-manana\/#breadcrumb","itemListElement":[{"@type":"ListItem","position":1,"name":"Home","item":"https:\/\/greendot.org\/es\/"},{"@type":"ListItem","position":2,"name":"Eventos","item":"https:\/\/greendot.org\/es\/events\/"},{"@type":"ListItem","position":3,"name":"Legado en movimiento: \u00a1Formando hoy a los l\u00edderes del ma\u00f1ana!"}]},{"@type":"WebSite","@id":"https:\/\/greendot.org\/es\/#website","url":"https:\/\/greendot.org\/es\/","name":"Green Dot","description":"","publisher":{"@id":"https:\/\/greendot.org\/es\/#organization"},"potentialAction":[{"@type":"SearchAction","target":{"@type":"EntryPoint","urlTemplate":"https:\/\/greendot.org\/es\/?s={search_term_string}"},"query-input":{"@type":"PropertyValueSpecification","valueRequired":true,"valueName":"search_term_string"}}],"inLanguage":"es"},{"@type":"Organization","@id":"https:\/\/greendot.org\/es\/#organization","name":"Green Dot","url":"https:\/\/greendot.org\/es\/","logo":{"@type":"ImageObject","inLanguage":"es","@id":"https:\/\/greendot.org\/es\/#\/schema\/logo\/image\/","url":"https:\/\/greendot.org\/wp-content\/uploads\/2024\/04\/25yr-logo-GD-white.png?wsr","contentUrl":"https:\/\/greendot.org\/wp-content\/uploads\/2024\/04\/25yr-logo-GD-white.png?wsr","width":350,"height":100,"caption":"Green Dot"},"image":{"@id":"https:\/\/greendot.org\/es\/#\/schema\/logo\/image\/"},"sameAs":["https:\/\/www.facebook.com\/greendotschools","https:\/\/x.com\/greendotschools","https:\/\/www.instagram.com\/greendotschools\/"]}]}},"_links":{"self":[{"href":"https:\/\/greendot.org\/es\/wp-json\/wp\/v2\/tribe_events\/14818","targetHints":{"allow":["GET"]}}],"collection":[{"href":"https:\/\/greendot.org\/es\/wp-json\/wp\/v2\/tribe_events"}],"about":[{"href":"https:\/\/greendot.org\/es\/wp-json\/wp\/v2\/types\/tribe_events"}],"author":[{"embeddable":true,"href":"https:\/\/greendot.org\/es\/wp-json\/wp\/v2\/users\/17"}],"version-history":[{"count":0,"href":"https:\/\/greendot.org\/es\/wp-json\/wp\/v2\/tribe_events\/14818\/revisions"}],"wp:attachment":[{"href":"https:\/\/greendot.org\/es\/wp-json\/wp\/v2\/media?parent=14818"}],"wp:term":[{"taxonomy":"post_tag","embeddable":true,"href":"https:\/\/greendot.org\/es\/wp-json\/wp\/v2\/tags?post=14818"},{"taxonomy":"tribe_events_cat","embeddable":true,"href":"https:\/\/greendot.org\/es\/wp-json\/wp\/v2\/tribe_events_cat?post=14818"}],"curies":[{"name":"wp","href":"https:\/\/api.w.org\/{rel}","templated":true}]}}

Legado en movimiento: ¡Formando hoy a los líderes del mañana!

<div class="elementor-element elementor-element-0005f32 animated-slow elementor-widget-widescreen__width-initial elementor-widget__width-initial elementor-widget elementor-widget-text-editor animated fadeInLeft" data-id="0005f32" data-element_type="widget" data-settings="{"_animation":"fadeInLeft"}" data-widget_type="text-editor.default">
<div class="elementor-widget-container">
<p>Acompáñanos en una velada inolvidable en la que las Escuelas Públicas de Punto Verde celebran 25 años de transformación de la educación pública y defensa de la equidad en Los Ángeles.</p>
</div></div>
<div class="elementor-element elementor-element-843868b animated-slow elementor-widget-widescreen__width-initial elementor-widget__width-initial elementor-widget elementor-widget-text-editor animated fadeInLeft" data-id="843868b" data-element_type="widget" data-settings="{"_animation":"fadeInLeft"}" data-widget_type="text-editor.default">
<div class="elementor-widget-container">
<p>Desde 1999, Green Dot ha reimaginado lo que es posible en la educación pública. Nos asociamos con comunidades culturalmente ricas pero históricamente con escasos recursos para garantizar que todos los alumnos tengan acceso al poder transformador de una educación de alta calidad. En la actualidad, estamos orgullosos de servir a miles de estudiantes y familias de Los Ángeles, construyendo futuros más brillantes de estudiante en estudiante.  </p>
<p>Este acontecimiento histórico reúne a los simpatizantes, socios y defensores cuya generosidad ha impulsado la misión de Green Dot desde el principio, y cuyo compromiso continuado contribuirá a dar forma a nuestro próximo capítulo.</p>
<p><b>Los próximos 25 años de Punto Verde empiezan ahora.</b></p>
</div></div>

<p>Acompáñanos en una velada inolvidable en la que las Escuelas Públicas de Punto Verde celebran 25 años de transformación de la educación [&hellip;]</p>

<!-- This site is optimized with the Yoast SEO plugin v26.0 - https://yoast.com/wordpress/plugins/seo/ -->
<title>Legado en movimiento: ¡Formando hoy a los líderes del mañana! - Green Dot</title>
<meta name="robots" content="index, follow, max-snippet:-1, max-image-preview:large, max-video-preview:-1" />
<link rel="canonical" href="https://greendot.org/es/events/legado-en-movimiento-formando-hoy-a-los-lideres-del-manana/" />
<meta property="og:locale" content="es_ES" />
<meta property="og:type" content="article" />
<meta property="og:title" content="Legado en movimiento: ¡Formando hoy a los líderes del mañana! - Green Dot" />
<meta property="og:description" content="Acompáñanos en una velada inolvidable en la que las Escuelas Públicas de Punto Verde celebran 25 años de transformación de la educación [&hellip;]" />
<meta property="og:url" content="https://greendot.org/es/events/legado-en-movimiento-formando-hoy-a-los-lideres-del-manana/" />
<meta property="og:site_name" content="Green Dot" />
<meta property="article:publisher" content="https://www.facebook.com/greendotschools" />
<meta property="article:modified_time" content="2025-07-28T20:33:10+00:00" />
<meta name="twitter:card" content="summary_large_image" />
<meta name="twitter:site" content="@greendotschools" />
<meta name="twitter:label1" content="Tiempo de lectura" />
	<meta name="twitter:data1" content="1 minuto" />
<script type="application/ld+json" class="yoast-schema-graph">{"@context":"https://schema.org","@graph":[{"@type":"WebPage","@id":"https://greendot.org/es/events/legado-en-movimiento-formando-hoy-a-los-lideres-del-manana/","url":"https://greendot.org/es/events/legado-en-movimiento-formando-hoy-a-los-lideres-del-manana/","name":"Legado en movimiento: ¡Formando hoy a los líderes del mañana! - Green Dot","isPartOf":{"@id":"https://greendot.org/es/#website"},"datePublished":"2025-07-25T16:12:47+00:00","dateModified":"2025-07-28T20:33:10+00:00","breadcrumb":{"@id":"https://greendot.org/es/events/legado-en-movimiento-formando-hoy-a-los-lideres-del-manana/#breadcrumb"},"inLanguage":"es","potentialAction":[{"@type":"ReadAction","target":["https://greendot.org/es/events/legado-en-movimiento-formando-hoy-a-los-lideres-del-manana/"]}]},{"@type":"BreadcrumbList","@id":"https://greendot.org/es/events/legado-en-movimiento-formando-hoy-a-los-lideres-del-manana/#breadcrumb","itemListElement":[{"@type":"ListItem","position":1,"name":"Home","item":"https://greendot.org/es/"},{"@type":"ListItem","position":2,"name":"Eventos","item":"https://greendot.org/es/events/"},{"@type":"ListItem","position":3,"name":"Legado en movimiento: ¡Formando hoy a los líderes del mañana!"}]},{"@type":"WebSite","@id":"https://greendot.org/es/#website","url":"https://greendot.org/es/","name":"Green Dot","description":"","publisher":{"@id":"https://greendot.org/es/#organization"},"potentialAction":[{"@type":"SearchAction","target":{"@type":"EntryPoint","urlTemplate":"https://greendot.org/es/?s={search_term_string}"},"query-input":{"@type":"PropertyValueSpecification","valueRequired":true,"valueName":"search_term_string"}}],"inLanguage":"es"},{"@type":"Organization","@id":"https://greendot.org/es/#organization","name":"Green Dot","url":"https://greendot.org/es/","logo":{"@type":"ImageObject","inLanguage":"es","@id":"https://greendot.org/es/#/schema/logo/image/","url":"https://greendot.org/wp-content/uploads/2024/04/25yr-logo-GD-white.png?wsr","contentUrl":"https://greendot.org/wp-content/uploads/2024/04/25yr-logo-GD-white.png?wsr","width":350,"height":100,"caption":"Green Dot"},"image":{"@id":"https://greendot.org/es/#/schema/logo/image/"},"sameAs":["https://www.facebook.com/greendotschools","https://x.com/greendotschools","https://www.instagram.com/greendotschools/"]}]}</script>
<!-- / Yoast SEO plugin. -->

Legado en movimiento: ¡Formando hoy a los líderes del mañana! - Green Dot

Acompáñanos en una velada inolvidable en la que las Escuelas Públicas de Punto Verde celebran 25 años de transformación de la educación [&hellip;]
